14
What is -f757 (base 16) in base 10?
-63319
What is -417706 (base 8) in base 14?
-38a34
-100031122 (base 4) to base 16
-1035a
c703dd (base 16) to base 10
13042653
241240413 (base 6) to base 11
2625961
-25008 (base 16) to base 7
-1200603
Convert 1132424 (base 7) to base 2.
100010110011011111
514047 (base 14) to base 8
12344617
What is 1111000111101101011000 (base 2) in base 13?
a8a20a
What is -11111010000010111 (base 2) in base 3?
-20111121121
What is 1112002 (base 10) in base 8?
4173702
What is 99717 (base 10) in base 13?
36507
Convert -32ba737 (base 12) to base 3.
-200020220200221
3a34b7 (base 12) to base 14
1ada9d
Convert -231121223 (base 4) to base 13.
-6684b
-1885d (base 16) to base 13
-36947
Convert 1011421423 (base 5) to base 7.
23342230
What is 1c66c (base 16) in base 7?
663106
What is 250cb (base 16) in base 12?
739a3
Convert -3241143 (base 6) to base 5.
-20122413
Convert -201948 (base 10) to base 15.
-3ec83
-ba6365 (base 13) to base 5
-2110233410
Convert a60670 (base 12) to base 15.
369659
Convert -1c6a1 (base 15) to base 13.
-33211
Convert -333232020003 (base 4) to base 16.
-fee203
What is -12244401 (base 5) in base 12?
-5885a
-3370685 (base 9) to base 5
-431133320
Convert e30b83 (base 15) to base 13.
23083b0
-42485 (base 10) to base 5
-2324420
2182021 (base 10) to base 5
1024311041
Convert -14367 (base 10) to base 6.
-150303
What is -410784 (base 9) in base 10?
-243400
What is -4315 (base 12) in base 7?
-30314
Convert 366a89 (base 13) to base 7.
14023521
-3a75 (base 16) to base 5
-434330
What is 223a50 (base 13) in base 9?
1461387
Convert 40045315 (base 6) to base 15.
173a02
What is 722789 (base 11) in base 10?
1160245
What is 132322130 (base 4) in base 6?
2414112
Convert -12133130300 (base 4) to base 6.
-100250052
1d1cc (base 16) to base 8
350714
Convert -47564 (base 10) to base 7.
-255446
Convert -13213202 (base 5) to base 3.
-20201111002
-2101022212 (base 3) to base 12
-2317b
What is 3433133 (base 5) in base 3?
10010121000
25c88b (base 13) to base 2
11011110111101000110
What is -236514 (base 7) in base 15?
-cba6
5632a (base 12) to base 6
2242054
Convert -30ba5d (base 14) to base 7.
-16662646
What is 5313131 (base 8) in base 9?
2585588
2331012103 (base 4) to base 2
10111101000110010011
What is 16514141 (base 7) in base 3?
10001011112212
Convert 20341147 (base 8) to base 4.
100130021213
15071cc (base 13) to base 6
355325502
4003554 (base 7) to base 4
1303031211
What is -10122324 (base 5) in base 8?
-241627
What is -102001211202 (base 3) in base 4?
-311030000
What is 7ecccc (base 15) in base 5?
3023132032
Convert 12100012211222 (base 3) to base 15.
3b1112
Convert 61c0a (base 15) to base 6.
10350231
Convert -49cf5 (base 16) to base 9.
-510636
What is -302135221 (base 6) in base 13?
-10b1a95
-299761 (base 11) to base 13
-1345bc
What is 14254432 (base 6) in base 15?
9a115
Convert -7120260 (base 8) to base 15.
-270d64
What is -817a7 (base 12) in base 8?
-511457
1d283 (base 14) to base 11
51054
What is a18412 (base 11) in base 8?
6173710
What is -123000303 (base 4) in base 2?
-11011000000110011
What is -190046 (base 12) in base 6?
-13200130
What is -5353740 (base 9) in base 6?
-141302443
Convert -21211022021 (base 3) to base 6.
-3145054
3377999 (base 10) to base 2
1100111000101101001111
Convert -c6c020 (base 13) to base 10.
-4653272
-22555530 (base 6) to base 13
-1b66c6
What is 2672107 (base 11) in base 13?
c575c4
What is -300204024 (base 6) in base 8?
-23221460
-613141 (base 8) to base 6
-4200425
Convert -3413aa (base 15) to base 5.
-1114003320
Convert 1131010211 (base 4) to base 14.
9cd01
What is -1001000011101111 (base 2) in base 3?
-1212220012
3017534 (base 8) to base 13
21a7c4
-101101010101111101 (base 2) to base 6
-3551501
What is -213022203 (base 5) in base 12?
-379423
110021122 (base 4) to base 11
57000
Convert 1101100110111110011 (base 2) to base 4.
1230313303
What is 407b37 (base 15) in base 11?
1802849
Convert -61748 (base 12) to base 7.
-1036604
121300320123 (base 4) to base 9
13633443
-60981 (base 10) to base 11
-418a8
3332022 (base 5) to base 9
88074
Convert -463958 (base 11) to base 12.
-2b674b
What is 2352701 (base 8) in base 5?
131111140
Convert -5160130 (base 9) to base 7.
-32265123
What is -541075 (base 8) in base 15?
-38882
Convert -2142114413 (base 5) to base 4.
-101232001313
1100201000 (base 3) to base 13
c243
847783 (base 10) to base 7
10130446
What is 113348 (base 10) in base 4?
123223010
What is -351639 (base 14) in base 2?
-110111001110001110011
What is 1686688 (base 10) in base 6?
100052424
-2000011111012 (base 3) to base 6
-34503522
-7204731 (base 8) to base 12
-779389
What is -847934 (base 11) in base 12?
-55565b
-565573 (base 9) to base 5
-41314402
3e4b2 (base 16) to base 5
31131104
What is 225739 (base 12) in base 9?
1025760
Convert 30900 (base 11) to base 2.
1010111111010100
Convert -1933338 (base 10) to base 7.
-22301361
Convert -14235142 (base 6) to base 2.
-1110110111011100110
3004214 (base 5) to base 3
2102001211
What is 10121412 (base 5) in base 11?
57181
Convert 145022622 (base 7) to base 9.
20142403
What is 8c3940 (base 16) in base 14?
131302c
110233314 (base 5) to base 2
1110100100010010110
Convert -13426 (base 16) to base 13.
-29ba2
Convert -156620632 (base 7) to base 5.
-10214204441
Convert 22104224 (base 5) to base 9.
321232
-101110100001000001101111 (base 2) to base 15
-110d01d
What is -33001211010 (base 4) in base 5?
-2002014003
Convert 11102120111 (base 3) to base 9.
142514
3552315 (base 6) to base 13
667b5
What is 23625164 (base 7) in base 5?
1014414422
Convert -8792795 (base 11) to base 12.
-520450b
-1d0f89 (base 16) to base 13
-518b48
-154253 (base 11) to base 14
-635c4
Convert 42613346 (base 8) to base 14.
12d3cd8
Convert 62360 (base 11) to base 15.
1be27
-560717 (base 8) to base 3
-100121002112
2313022032 (base 4) to base 5
143001342
Convert 425033505 (base 6) to base 2.
11100101011000010110001
What is -9eb07c (base 15) in base 2?
-11100111010101011001111
13333321021 (base 4) to base 5
1014043323
Convert -b35376 (base 12) to base 15.
-3a724c
What is b20f3 (base 16) in base 15?
e6171
-30442201 (base 6) to base 11
-549670
110101001111001100 (base 2) to base 4
311033030
What is -321727 (base 8) in base 3?
-12110102201
1100001110111110011 (base 2) to base 8
1416763
Convert -354263 (base 9) to base 13.
-75cb4
Convert 197b2 (base 12) to base 8.
111066
Convert 1548882 (base 9) to base 11.
53781a
What is -5a0c4 (base 16) in base 7?
-3064216
What is -1a6646 (base 11) in base 4?
-1031030333
Convert 14414523 (base 7) to base 14.
27784a
Convert -11207 (base 15) to base 12.
-27621
Convert -1386bc (base 14) to base 10.
-676366
What is -b0903 (base 12) in base 6?
-4530003
What is -16cc61 (base 14) in base 6?
-25120433
What is -1212220222 (base 3) in base 4?
-21010010
-101120021121 (base 3) to base 14
-55b10
What is -222000211002 (base 3) in base 11?
-31aa37
-20222212021 (base 3) to base 12
-67814
12120223 (base 4) to base 5
1314110
What is 1153534 (base 6) in base 9?
103644
-12767887 (base 9) to base 11
-3616644
What is -52023661 (base 7) in base 9?
-8173604
What is -2243431 (base 10) in base 2?
-1000100011101101100111
Convert -14ed142 (base 15) to base 3.
-1001120021110122
10101101011000011 (base 2) to base 14
244cb
-14041331 (base 5) to base 16
-22fed
10dd5c (base 14) to base 2
10001100101001111110
What is 110101110000000101101 (base 2) in base 5?
422330300
What is -115466 (base 15) in base 11?
-515aa0
Convert -15bca0 (base 15) to base 16.
-100f3b
2204520 (base 6) to base 10
109920
Convert -1559450 (base 11) to base 14.
-4d4455
899468 (base 11) to base 5
331321324
What is 37cd6c (base 14) in base 7?
22205465
What is 3253427 (base 10) in base 13?
89bb08
301010034 (base 5) to base 11
741741
What is -10445304 (base 9) in base 12?
-1836071
Convert -33221234 (base 5) to base 2.
-1000110100010110000
-5521461 (base 8) to base 2
-101101010001100110001
What is 68461 (base 14) in base 15?
500cc
What is -847414 (base 11) in base 10?
-1356788
-3511004 (base 6) to base 7
-1350562
-100000001101001100001 (base 2) to base 10
-1055329
10361 (base 9) to base 8
15313
What is -11202011012022 (base 3) in base 15?
-34c608
What is -760ef (base 16) in base 9?
-816286
What is -2616251 (base 10) in base 13?
-707aa1
-17